e factors of h?
25111
Let t = 24369 + -13743. What are the prime factors of t?
2, 3, 7, 11, 23
Suppose -112*b + 756558 = -1621426. What are the prime factors of b?
2, 1327
Suppose -29*r + 168112 = 50*r. List the prime factors of r.
2, 7, 19
Suppose -4*h - g + 1115 = 0, -g = -4*h + 870 + 239. Suppose -268 - h = -6*b. What are the prime factors of b?
7, 13
Suppose -p = 5*l - 703, -452 = 2*l - 3*p - 740. List the prime factors of l.
3, 47
Suppose 3*x - 9 = -i - 45, 4*x = -3*i - 88. Let j = i + 22. List the prime factors of 85 + j + (-8 - -6).
3
Suppose 5*o + 23 = 2*l, 3*o - 4*l + 19 = 2*o. Let g(q) = 3*q**3 + q**2 - q + 4. Let s be g(o). Let h = 27 - s. List the prime factors of h.
2, 23
Suppose -5*x - 4*b = 101 + 23, 2*x = -3*b - 51. Let z = -5 - x. List the prime factors of z.
19
Let y(z) = 229*z**3 - 4*z**2 + 12*z + 55. What are the prime factors of y(4)?
5, 2939
Let a(l) = -17*l**3 - 3*l**2 - l - 1. Let p(f) = 68*f**3 + 11*f**2 + 5*f + 4. Let m(g) = 9*a(g) + 2*p(g). List the prime factors of m(-3).
2, 5, 41
Suppose 2*k + 209 = -2*m - 167, 599 = -3*k + 4*m. Let n = 512 + k. List the prime factors of n.
11, 29
Let i(p) = 106*p**2 - 111*p**2 - 7 - p + 3*p + p**3. Let d be i(5). Let l(g) = g**3 + 3*g**2 - 4*g - 3. List the prime factors of l(d).
3, 13
List the prime factors of 134275/41 + 0 + -2.
3, 1091
Suppose 61425 = 6*f - 26*f + 469725. What are the prime factors of f?
3, 5, 1361
List the prime factors of (58/(-3))/(4/62832*-7).
2, 11, 17, 29
Let p(r) = r**2 + 5*r + 40. Let x be p(-8). Let y = x - -1187. What are the prime factors of y?
3, 139
Suppose -2*b = 2*b - 100. Let f = b - 20. List the prime factors of ((1000/14)/f)/(6/21).
2, 5
Suppose 16*h - 12 = 14*h. Suppose 0 = 3*x - 0*a - 3*a + h, -a = -2*x. List the prime factors of 2*1 + 414/x.
11, 19
Suppose 5*h + 35 = 3*g, -2*g + 5*h = -4*g - 10. Suppose 4*n - g*n = -124. Suppose n + 228 = 2*l. List the prime factors of l.
2, 11
Suppose -5*f = -4*h - 25266, 0 = -2*f + 2535*h - 2540*h + 10047. List the prime factors of f.
2, 3, 29
Let k(w) = 2*w**2 + 39*w - 26. Let j be k(-20). Suppose 0 = -3*q + 2*n - 8, -4*q + 3*n - 12 = -3. List the prime factors of (j/q)/((-2)/(-98)).
7
Let d be (-829)/4 + (-9)/(-36). List the prime factors of (-4)/46 + (-12438)/d.
2, 3, 5
Let j(x) = 1394*x + 6544. What are the prime factors of j(19)?
2, 3, 5, 367
Let f(s) = -s**2 - 154*s + 1041. What are the prime factors of f(-109)?
2, 3, 991
Let a(s) = -111*s - 2945. What are the prime factors of a(-70)?
5, 193
Suppose 0 = g - 4 - 0. Suppose 2*c + 2382 = 4*z, -z + 1085*c = 1082*c - 613. Suppose 0 = 2*r + j + 2*j - 406, 0 = 3*r - g*j - z. List the prime factors of r.
2, 5
Let h(z) = z**2 - 7*z + 2. Let n be h(-5). Let x = 1085 - 1141. Let k = x + n. What are the prime factors of k?
2, 3
List the prime factors of 5 - 18/(9 - (-15620)/(-1735)).
7, 19, 47
Let g(n) = 113*n**2 - 12*n - 189. List the prime factors of g(-24).
3, 7243
Suppose t = z + 27781, 0 = -5*t + 2*z + 165390 - 26488. List the prime factors of t.
2, 3, 5, 463
Let m be ((-156)/(-117))/((-3)/(2862/(-4))). Let g be -6 - -18 - (1 - 1). Suppose g*w - m = 9*w. What are the prime factors of w?
2, 53
Let p = 120922 - 85343. List the prime factors of p.
47, 757
Let r = 5 + 0. Let j(q) = -q**3 + 21*q**2 + 4*q + 45. Let c be j(21). Suppose c = 2*f + r*u, 3*f - 6*f + 3*u = -246. List the prime factors of f.
7, 11
Let a(n) = 24*n**2 - 108*n + 73. List the prime factors of a(11).
1789
Suppose -2*b = 2*d + b - 28, 5*d + 2*b - 48 = 0. Suppose -d*s + 1308 = -6268. List the prime factors of s.
947
Let s(h) = -39*h - 14. Let a be s(-4). Suppose -4*x + 88 = -o, -o + 5*x - a = -52. Let t = 4 - o. List the prime factors of t.
2, 3, 7
Suppose 0 = -4*s + 17 - 1. Suppose -4*g + 2978 = -3*b - 1978, 4*g + s*b = 4956. List the prime factors of g/14*(-4)/(-6).
59
Suppose 4*d + 3*v - 46 = 0, -4*v - 2 = d - 20. Let r(s) = 3*s - d + 8*s + 5*s + 6*s. List the prime factors of r(5).
2, 5
Let q = -164 - -166. Suppose -5*i = 2*f - 1000 - 826, -4*i = -q*f + 1862. What are the prime factors of f?
13, 71
Let j(w) = 4*w**2 - w. Let i be j(1). Let c(p) = 2*p**2 + 28*p - 2. Let u be c(-14). What are the prime factors of (u - (-9)/i)/(1/78)?
2, 3, 13
Suppose -3*n - 1604 = -449. Let s = 285 - n. What are the prime factors of s?
2, 5, 67
Suppose 16*i = i + 7200. Suppose 5*z = 1315 + i. What are the prime factors of z?
359
Let d(k) be the first derivative of k**3/3 + 5*k**2/2 - 92*k - 143. What are the prime factors of d(11)?
2, 3, 7
Suppose 2*j - 2330 = -5*s, 5*j + 5*s - 2489 = 3306. Suppose -j = -5*y - 5*k, 3*y + 6*k - 697 = 2*k. List the prime factors of y.
227
Let n(y) = 6*y + 5. Let h be n(0). Suppose 3*f = -h*v + 854, f + 4*v = 2*v + 283. What are the prime factors of f?
293
Suppose -9*v - 6*v + 649824 = 33*v. What are the prime factors of v?
2, 7, 967
Let u(f) = 1868*f + 2108. List the prime factors of u(14).
2, 3, 5, 157
Let l(i) = -i - 51. Let a be l(5). Let g = a - -241. List the prime factors of g.
5, 37
Let w = -6104 - -6147. What are the prime factors of w?
43
Let b(c) be the third derivative of 0 + 0*c + 17/6*c**3 + 1/60*c**5 - 13*c**2 + 3/8*c**4. What are the prime factors of b(-14)?
3, 29
Suppose 36*l + 23868 = 195804. What are the prime factors of l?
2, 3, 199
Suppose 46 = 6*s - 32. Let o(k) = -3*k**3 + 11*k**2 - 8*k + 16. Let b be o(4). List the prime factors of 52/s - 1*b.
2, 3
Let h(y) = 3*y + 3325. What are the prime factors of h(-164)?
2833
Suppose 0 = 22*v + 1130 + 1290. What are the prime factors of 204/(-136)*v/1?
3, 5, 11
Let h be 104/24 - 4/(-6). Suppose -4*g - 3121 = -h*l - 267, 0 = 5*l + 2*g - 2878. Let b = 813 - l. List the prime factors of b.
239
Let j(z) = -101*z**3 + z**2 - 6*z + 2. Let v be j(-3). Suppose 21*m - v - 6946 = 0. List the prime factors of m.
2, 3, 7, 11
What are the prime factors of (-1 + 0/2)/((-236)/426452)?
13, 139
Let a(u) = u + 1. Let z be a(8). What are the prime factors of (-12)/z + 536/24?
3, 7
Let z = -388 - -410. Suppose 14*d - z*d = -1760. What are the prime factors of d?
2, 5, 11
Suppose 78*f - 2483916 = -481578. List the prime factors of f.
3, 43, 199
Suppose 18 = 4*x - 6. Let s(i) = -i + 5. Let p be s(x). List the prime factors of (p/(-2))/((-1)/(-164)).
2, 41
Let c be (-13395)/(-27) + (-16)/144. Suppose 511 = b - p, -2*b + c = -b + 4*p. What are the prime factors of b?
2, 127
Let o = 12 - 16. Let i(m) = 7*m - 2. Let y(k) = -21*k + 5. Let q(n) = o*y(n) - 11*i(n). What are the prime factors of q(19)?
3, 5
Suppose -w + 5741 = 5*a, w - 6*a + 28648 = 6*w. List the prime factors of w.
2, 7, 409
Suppose 0 = 1238*f - 1242*f + 2000. List the prime factors of f.
2, 5
Let m(o) be the third derivative of o**6/60 - 7*o**5/30 + o**4/3 - 25*o**3/6 - 70*o**2. What are the prime factors of m(9)?
7, 53
Let t(d) be the third derivative of d**5/6 - 59*d**3/6 - 27*d**2 - 1. What are the prime factors of t(-8)?
7, 83
Let r(q) be the first derivative of -q**4/2 - 2*q**3/3 + 4*q**2 + 9*q + 4. Let n be (-16)/10*35/14. List the prime factors of r(n).
73
Suppose -g = 5*u - 3*u - 518, 3*u = -4*g + 2057. Suppose -q + 2*l = -g, 5*q - 3144 + 617 = -l. List the prime factors of q.
2, 11, 23
Suppose 2*u - 28448 = -5*h, 4*u + 4*h = 71060 - 14140. List the prime factors of u.
2, 11, 647
Let u(a) = 11*a**2 + 48*a - 488. List the prime factors of u(-34).
2, 3, 883
List the prime factors of (-2)/12 - (19 - 4733660/120).
2, 9857
Let j(d) = 7*d**2 + d - 1. Let c = 47 + -42. Suppose -5*x = -3*q + q, -3*q - c = -5*x. List the prime factors of j(x).
5
Let n be -2*(-13)/(65/1080). Suppose 24*i + n = 72*i. What are the prime factors of i?
3
Let h = 155 - 285. Let v = -71 - h. Let q = -27 + v. What are the prime factors of q?
2
Let z(h) = -231*h - 1468. What are the prime factors of z(-46)?
2, 19, 241
Suppose 4*r = -4*s + 12348, 2*r - 7536 = 5*s - 1334. Suppose 10877 = 16*a - r. List the prime factors of a.
3, 97
Suppose -j + 7*j - 1392 = 0. Suppose j = 5*o - 8. Suppose -5*v = -o - 532. List the prime factors of v.
2, 29
List the prime factors of ((-28198)/(-12))/(141/846).
23, 613
Suppose 0 = -5*v + 2*r + 53, 2*r = 7*r + 20. Suppose -v*j + 279 = -6*j. List the prime factors of j.
3, 31
Let p be 1/((-50)/270) + (-2)/(-5). What are the prime factors of (450 - 10/p) + -6?
2, 223
Sup